314
What is the remainder when 314878 is divided by 122?
118
Calculate the remainder when 104662 is divided by 38.
10
Calculate the remainder when 234604 is divided by 13800.
4
What is the remainder when 1525160 is divided by 33?
32
Calculate the remainder when 437059 is divided by 130.
129
Calculate the remainder when 99878 is divided by 203.
2
What is the remainder when 10812 is divided by 3604?
0
What is the remainder when 3189 is divided by 523?
51
Calculate the remainder when 13380 is divided by 1671.
12
Calculate the remainder when 7189 is divided by 277.
264
What is the remainder when 1049 is divided by 57?
23
Calculate the remainder when 94103 is divided by 18.
17
Calculate the remainder when 7337 is divided by 2368.
233
What is the remainder when 110013 is divided by 24?
21
What is the remainder when 1896 is divided by 1539?
357
Calculate the remainder when 7780764 is divided by 317.
316
Calculate the remainder when 25059 is divided by 88.
67
Calculate the remainder when 1165 is divided by 162.
31
Calculate the remainder when 2818 is divided by 40.
18
Calculate the remainder when 1821 is divided by 5.
1
Calculate the remainder when 10314 is divided by 333.
324
Calculate the remainder when 11798 is divided by 118.
116
What is the remainder when 33796 is divided by 1408?
4
Calculate the remainder when 77000 is divided by 3080.
0
Calculate the remainder when 26872 is divided by 4472.
40
What is the remainder when 10799 is divided by 61?
2
What is the remainder when 5935 is divided by 3687?
2248
What is the remainder when 10075 is divided by 9738?
337
Calculate the remainder when 104625 is divided by 52309.
7
Calculate the remainder when 31763 is divided by 596.
175
What is the remainder when 384803 is divided by 2114?
55
What is the remainder when 19001 is divided by 5739?
1784
Calculate the remainder when 195 is divided by 163.
32
Calculate the remainder when 322883 is divided by 92.
55
Calculate the remainder when 5360 is divided by 1767.
59
Calculate the remainder when 8951 is divided by 157.
2
Calculate the remainder when 94280 is divided by 64.
8
Calculate the remainder when 6215473 is divided by 23.
22
Calculate the remainder when 1779 is divided by 168.
99
What is the remainder when 9839 is divided by 263?
108
What is the remainder when 127981 is divided by 37?
35
Calculate the remainder when 40173 is divided by 582.
15
Calculate the remainder when 8552 is divided by 98.
26
Calculate the remainder when 2173 is divided by 56.
45
Calculate the remainder when 19890 is divided by 214.
202
What is the remainder when 46051 is divided by 3282?
103
What is the remainder when 53679 is divided by 124?
111
Calculate the remainder when 6165 is divided by 6160.
5
Calculate the remainder when 40058 is divided by 802.
760
What is the remainder when 1018348 is divided by 775?
773
Calculate the remainder when 49384 is divided by 112.
104
What is the remainder when 2304 is divided by 1624?
680
Calculate the remainder when 35755 is divided by 30.
25
Calculate the remainder when 3113 is divided by 1541.
31
Calculate the remainder when 17789 is divided by 41.
36
What is the remainder when 132092 is divided by 512?
508
Calculate the remainder when 13063 is divided by 4291.
190
Calculate the remainder when 22080 is divided by 2.
0
Calculate the remainder when 3484 is divided by 681.
79
Calculate the remainder when 40219 is divided by 1828.
3
Calculate the remainder when 2979 is divided by 8.
3
What is the remainder when 9589 is divided by 23?
21
Calculate the remainder when 2140 is divided by 426.
10
What is the remainder when 37925 is divided by 307?
164
What is the remainder when 65858 is divided by 21944?
26
What is the remainder when 2149 is divided by 11?
4
Calculate the remainder when 42839 is divided by 360.
359
What is the remainder when 956 is divided by 35?
11
What is the remainder when 4797 is divided by 1336?
789
What is the remainder when 32973 is divided by 266?
255
Calculate the remainder when 385403 is divided by 434.
11
What is the remainder when 10164 is divided by 19?
18
What is the remainder when 3086 is divided by 613?
21
What is the remainder when 424094 is divided by 49?
48
Calculate the remainder when 19190 is divided by 9576.
38
What is the remainder when 91546 is divided by 426?
382
What is the remainder when 10230 is divided by 4?
2
Calculate the remainder when 182576 is divided by 30.
26
What is the remainder when 67685 is divided by 22558?
11
Calculate the remainder when 257558 is divided by 5.
3
Calculate the remainder when 24812 is divided by 552.
524
Calculate the remainder when 12518 is divided by 20.
18
What is the remainder when 1515 is divided by 377?
7
What is the remainder when 7829 is divided by 24?
5
Calculate the remainder when 1278506 is divided by 98.
96
Calculate the remainder when 1061 is divided by 527.
7
Calculate the remainder when 5408 is divided by 1076.
28
What is the remainder when 550251 is divided by 794?
9
Calculate the remainder when 1103 is divided by 271.
19
Calculate the remainder when 2979 is divided by 759.
702
Calculate the remainder when 4703 is divided by 312.
23
What is the remainder when 17035 is divided by 1686?
175
What is the remainder when 37263 is divided by 242?
237
What is the remainder when 39742 is divided by 27?
25
What is the remainder when 16592 is divided by 279?
131
Calculate the remainder when 2213 is divided by 123.
122
What is the remainder when 1230 is divided by 1181?
49
Calculate the remainder when 6481 is divided by 6470.
11
What is the remainder when 23504 is divided by 712?
8
Calculate the remainder when 15341 is divided by 5069.
134
What is the remainder when 30879 is divided by 1235?
4
Calculate the remainder when 297 is divided by 197.
100
Calculate the remainder when 6797 is divided by 40.
37
Calculate the remainder when 17334 is divided by 2768.
726
What is the remainder when 12178 is divided by 39?
10
Calculate the remainder when 5892 is divided by 11.
7
What is the remainder when 408300 is divided by 63?
60
Calculate the remainder when 39276 is divided by 410.
326
What is the remainder when 152197 is divided by 7247?
10
Calculate the remainder when 38908 is divided by 64.
60
What is the remainder when 1786 is divided by 116?
46
What is the remainder when 423 is divided by 315?
108
Calculate the remainder when 430608 is divided by 430591.
17
What is the remainder when 523 is divided by 18?
1
What is the remainder when 37987 is divided by 950?
937
What is the remainder when 58805 is divided by 243?
242
Calculate the remainder when 23549 is divided by 7844.
17
Calculate the remainder when 4814 is divided by 592.
78
Calculate the remainder when 1096 is divided by 80.
56
What is the remainder when 359918 is divided by 71?
19
Calculate the remainder when 179295 is divided by 229.
217
Calculate the remainder when 1322 is divided by 31.
20
What is the remainder when 183702 is divided by 1801?
0
Calculate the remainder when 37872 is divided by 15.
12
What is the remainder when 14576 is divided by 129?
128
What is the remainder when 2772 is divided by 376?
140
Calculate the remainder when 6747 is divided by 2235.
42
What is the remainder when 80125 is divided by 16?
13
What is the remainder when 1085 is divided by 419?
247
Calculate the remainder when 1148 is divided by 926.
222
Calculate the remainder when 1617112 is divided by 482.
2
Calculate the remainder when 472305 is divided by 110.
75
What is the remainder when 265 is divided by 246?
19
What is the remainder when 54788 is divided by 13697?
0
Calculate the remainder when 6170 is divided by 520.
450
What is the remainder when 2868 is divided by 477?
6
Calculate the remainder when 15656 is divided by 51.
50
Calculate the remainder when 105364 is divided by 35117.
13
What is the remainder when 1414 is divided by 707?
0
Calculate the remainder when 5629 is divided by 5.
4
What is the remainder when 3672 is divided by 320?
152
What is the remainder when 18289 is divided by 674?
91
Calculate the remainder when 2167954 is divided by 19.
16
What is the remainder when 444337 is divided by 148095?
52
What is the remainder when 12537 is divided by 82?
73
Calculate the remainder when 171311 is divided by 571.
11
What i